 + -13. Let c(j) = j - 12. Let a(r) = 2*r - 23. Let w(g) = i*c(g) + 6*a(g). Give w(6).
0
Let t(s) be the third derivative of -s**4/8 - 4*s**3/3 - 6*s**2. Calculate t(-6).
10
Let n(i) = i. Let r be 2/2 + 42/7. Let g = 10 - r. Suppose -10 = -5*u, -6 = -4*z - g*u + 2*u. Determine n(z).
1
Let i(g) be the second derivative of 2*g**3/3 - g**2 - 6*g. Give i(3).
10
Let u(b) = 3*b - 7*b + 3*b + 2. Calculate u(3).
-1
Let t(w) = w**3 + 9*w**2 + 9*w + 10. Let b be t(-8). Let d(f) = -7 + 0*f + 0*f + 3*f**2 + 5*f - b*f**2. Calculate d(-6).
-1
Let c(o) = o**3 + 3*o + 0*o**2 - 3 - 6*o - o**2. Let k be -2*1/2*2. Give c(k).
-9
Let v(d) be the second derivative of d**4/12 + 5*d**3/6 + d**2 - 3*d. Suppose z - 16 = -3*z. Suppose 2*a = g - 6 - z, 10 = -4*a - 3*g. What is v(a)?
-2
Let h(s) = s + 6. Let q(a) = a + 6. Let c(y) = -2*h(y) + 3*q(y). What is c(-6)?
0
Let x(p) = p - 11. Suppose 19*b = 5*b + 140. Give x(b).
-1
Let y(p) = -p**2 + 6*p - 5. Let l = 21 - 17. Calculate y(l).
3
Let w be (2/(-3))/((-4)/(-18)). Let v(n) = -n**3 - n**2 - n + 1. Let i(s) = 4*s**3 + 5*s - 3. Let d(a) = -i(a) - 5*v(a). Determine d(w).
16
Let j(g) = -16*g + 13 - 7*g + 24*g. Calculate j(-10).
3
Let k = -4 - 1. Let o(n) = -n**3 - 5*n**2 + n. Calculate o(k).
-5
Let y(f) = f - 2. Suppose 0 = -0*u - u - 15. Let g = -10 - u. Determine y(g).
3
Let l(d) = d**2 - 10*d - 6. Let u be (-210)/(-18) - (20/(-6))/(-5). What is l(u)?
5
Let c(d) = -2*d + 2. Let s = 4 - 1. Suppose -2*r + 4*q + 2 = 0, r - 13 = s*q - 7*q. Determine c(r).
-8
Let t(v) = -v**2 - v + 2. Let n = -11 + 4. Let d(r) = -r**2 - 7*r + 3. Let a be d(n). Suppose -i - a*i + 4*l = 32, -4*i - 4 = 3*l. Calculate t(i).
-10
Let q(y) = -6*y**3 - 15*y**2 - 11*y + 13. Let f(c) = c**3 + c**2 + c - 1. Let r(k) = -5*f(k) - q(k). Give r(-9).
19
Let s(u) = u**3 + 4*u**2 - 5*u + 6. Let t(j) be the first derivative of -2*j**3 - j**2 - j - 6. Let f be t(-1). Determine s(f).
6
Let c(g) = g**3 - 2*g**2 + 1. Suppose 20 = 4*n + n. Suppose 0 = -n*i - i. Suppose -5*v + i*v = -5. What is c(v)?
0
Let b(t) = -t**2 - 5*t - 3. Let r be b(-3). Let u = 7 + -3. Let a(x) = x**r - u*x - 1 - 4*x**2 + 7*x - 5. Calculate a(4).
6
Let n(a) = -a. Let f be n(-5). Let g(r) = r + r - 1 - f*r. Let o(x) = x**2 - 4*x - 4. Let z be o(5). Determine g(z).
-4
Let s(a) be the first derivative of -a**6/120 - a**5/60 + a**4/24 + 5*a**3/6 + a**2 + 2. Let h(p) be the second derivative of s(p). Give h(0).
5
Suppose 0 = a + 3*a + 20. Let w(i) be the first derivative of -i**2 - 6*i + 6. Calculate w(a).
4
Let w = 27 + -24. Let c(t) = -t - 6*t + t + t**2 + w*t + 5. Give c(4).
9
Let g(h) = -7 - 7*h**2 - 4*h + 6*h**2 + 0*h. Suppose 0 = 5*n - t + 30, -2*n + 22 = 5*t + 7. What is g(n)?
-12
Let r(d) = 4*d**2 + d - 1. Let p(s) = s**2. Let f(w) = 2*p(w) - r(w). What is f(2)?
-9
Suppose 36*a - 35*a = -5. Let h(l) = -l**3 - 5*l**2 + l - 6. Give h(a).
-11
Let w(b) = -2*b**2 + 4*b + 1. Suppose -7 = -c + a, 7*c = 5*c - 5*a - 14. Give w(c).
-5
Let l be ((-5)/3 - -2)*15. Let z(c) = -c**2 - 4*c + 0*c**2 + 2 + 2*c**2. Calculate z(l).
7
Let o(h) = 3*h + 11. Let w be o(-5). Let a(t) = -t**3 - 3*t**2 + 6*t + 6. Give a(w).
-2
Let n(f) be the second derivative of -7*f**3/6 + 7*f. Give n(1).
-7
Let l(z) = 4*z - 3. Suppose 3 = 2*r + h, 2*r - 4 = h + 1. Calculate l(r).
5
Let p(w) = 25*w**3 + w - 1. Let c(j) = j**3 + j. Let v(r) = -3*c(r) + p(r). Give v(-1).
-21
Let w(y) = y**2 - 5*y + 1. Let l be w(4). Let p(d) = -d + 75 - 145 + 68. Calculate p(l).
1
Let x(i) = -i**2 + 1. Let d(b) = b**2 - 5*b - 6. Let p(l) = -d(l) - 2*x(l). What is p(-4)?
0
Let d(l) be the first derivative of -l**2/2 + 7*l + 13. What is d(11)?
-4
Let b(h) be the second derivative of h**4/12 - h**3/2 - 2*h**2 - h - 35. Let j(f) = f + 1. Let t be j(2). Calculate b(t).
-4
Let t = 66 - 61. Let j(g) = g**2 - 6*g - 1. What is j(t)?
-6
Let z(f) be the third derivative of -f**6/60 - f**4/12 - f**3/6 - 21*f**2. What is z(-2)?
19
Suppose -3*o + 43 = -17. Suppose 2*s + o = -3*s. Let q be s/10 + (-3)/5. Let h(z) = 5*z**3 + 2*z**2 + 2*z + 1. What is h(q)?
-4
Let p(f) = f**2 - 9*f + 9. Let h be p(7). Let x(z) = 1 + 3*z + z**2 - 6 + 0*z. Let j be x(h). Let r(i) = -2*i + 6. Determine r(j).
-4
Let w(l) = -4 - l + 2*l**3 - l**3 + 0*l**3. Suppose 2*c = -2*m + 22, 2*c + 81 = 5*m - 9. Suppose 2*p + m = 5*p + 4*f, 2*p - 3*f + 12 = 0. Determine w(p).
-4
Let d(z) = z**3 - 9*z**2 + 15*z - 14. Let n(g) = -g**3 + 9*g**2 - 14*g + 13. Let v(y) = 5*d(y) + 6*n(y). Let t be v(8). Let p(s) = s + 11. What is p(t)?
11
Suppose -5*p + 2*r = -4 - 0, -p + 2*r + 4 = 0. Suppose -2*j = -p - 4. Let t(x) = -8 - x + 5 + 6*x. What is t(j)?
7
Let a(j) = 2*j - 14. Let n be a(5). Let h(m) = m**3 + 4*m**2 - 2*m + 5. Determine h(n).
13
Let h(b) = 2*b**2 + 2*b + 1. Suppose 5 = -p - 2*z, -2*p + 3*z - 9 = 2*p. Let d be 6*(14/4 + p). Suppose -6 = d*a - 0*a. Calculate h(a).
5
Let w(y) = 11*y + 1 - 20*y + 5*y - 2*y**2 + 3*y. Give w(-3).
-14
Let l(q) = -q**3 + q**2 - q + 2. Suppose 5*n - 11 = 14. Suppose -2 - 8 = -n*d. Calculate l(d).
-4
Let c(m) = 3*m**3 + 1. Let x(w) = w**3 - w**2 - 6*w + 1. Let o be x(3). Give c(o).
4
Let c = -12 - -30. Suppose c = -5*z + 3. Let q(t) = -3*t - 1. Calculate q(z).
8
Let i(c) = c**2 - 2*c**2 + 3 + 2*c + 0*c**2 + 6*c. Let n be i(8). Let s(t) = -3*t + 2. Calculate s(n).
-7
Suppose 93*q - 84*q = 0. Let t(z) be the second derivative of -z**4/12 + z**3/6 + 2*z**2 + z. Give t(q).
4
Let i(s) be the second derivative of -s**5/5 + s**4/12 + s**3/6 + s**2/2 + 20*s. Suppose 4*p = -5*z + 2, -3*z = -3*p - 2*z - 8. Let b = p - -1. What is i(b)?
5
Let o(y) = y**2 + 7*y + 3. Let k(j) = j + 1. Suppose -2*w + 30 = 3*w. Let v(t) = w*k(t) - o(t). Give v(3).
-9
Let s(d) = 2*d**2 - 3*d + 2. Let u(g) = g**2 + 3*g + 5. Let x be u(-4). Suppose 0 = 4*b - 4*r + 28, r = -3*b - 0 - x. Let w = 6 + b. Determine s(w).
4
Let d(y) = -y**3 + 6*y**2 - 2*y + 8. Let u be d(6). Let s(b) = -b**2 + 5*b + 7. Let v be s(6). Let f(m) = 0 - v + 3*m + 3 + m**2. What is f(u)?
6
Let n be 19 + (3/(-3) - 0). Suppose 3*b = -0*b - 4*t - 25, -n = 2*b + 3*t. Let k(x) = 2*x - 2. Determine k(b).
-8
Let t(v) = 6*v**2 - 1. Let c = -19 - -19. Suppose c = -l - 4 + 3. Calculate t(l).
5
Let o(k) = 6*k - 2. Let c(w) = w - 5. Let q be c(9). Suppose 0*j = 2*j + q. What is o(j)?
-14
Let q(o) be the first derivative of -2/3*o**3 - 5 - 2*o + 2*o**2. Calculate q(3).
-8
Let x(u) = 3*u**2 + 2. Let v be (2*-2)/(7 + -5). What is x(v)?
14
Let i(z) = -z**3 - z**2 - z - 4. Suppose 2*x - 2*n + 4 = -0*n, 0 = -3*n + 12. Let f be ((0/4)/(-1))/x. Determine i(f).
-4
Suppose 3*y - y - 6 = 2*n, 16 = 5*y - 4*n. Let v(l) be the first derivative of 3*l - 2*l**2 + 1/3*l**3 + 3. Determine v(y).
3
Let q be 1*0*(2 + -1). Suppose 0 = 3*k - 9, -k - 1 = h - q*h. Let v(b) = 3*b + 4. Determine v(h).
-8
Suppose -3 - 12 = -5*q. Let y(t) = t. Let r(p) = -2*p + 1. Let b(o) = -2*r(o) - 3*y(o). Determine b(q).
1
Let q(y) = y + 4. Let k(i) = i**3 + 3*i + 6. Let v be k(-2). What is q(v)?
-4
Let j(c) = c. Let t(m) be the second derivative of m**5/20 - m**4/12 - m**3/6 - m**2/2 - m. Let u be t(0). Let i be j(u). Let p(q) = 9*q - 1. Determine p(i).
-10
Let o(x) = -x**3 + x**2 + x - 1. Let c be 1 - (0 + (-3 - -4)). What is o(c)?
-1
Let o(h) = -4*h + 2. Let u be 110/7 + 10/35. Let a(f) = 20*f - 10. Let r(p) = u*o(p) + 3*a(p). Determine r(3).
-10
Suppose 0*x = 5*x - 15. Suppose -x = -5*p + 2*p. Let k(r) = 2*r. Calculate k(p).
2
Let i(t) be the third derivative of t**4/8 - 7*t**3/6 + 35*t**2. What is i(7)?
14
Let y(v) = 4*v**3 + 3*v**2 + 4. Let d(g) = 1. Let h(t) = -6*d(t) + y(t). Calculate h(-2).
-22
Suppose -1 = -2*i + 3. Let t be i/3 - 11/(-33). Let l(q) = -9*q - 1. Determine l(t).
-10
Let z(n) be the first derivative of -5*n**4/4 + n**3/3 - n + 4. Calculate z(1).
-5
Let y(z) = -z - z**2 + 14*z**3 + z - z + z**3. Determine y(-1).
-15
Let v be 20/6 + (-2)/6. Let t(k) = -k**3 + 3*k**2 + k - 1. What is t(v)?
2
Let o(x) = -x**2 - 5*x. Let t be o(-5). Suppose 3*b - 7 + 1 = t. Let c(d) = 0*d**2 + d - 2*d + d**b - 3 - d. Determine c(4).
5
Let u(y) be the second derivative of y**5/20 + 2*y**4/3 + 7*y**3/6 + y**2/2 + y + 39. Calculate u(-7).
1
Suppose -2*s + 5 = 3*s. Let c(u) = 2*u - 14*u - s + 0 + 0. Give c(1).
-13
Let v be 0*(-2 + (-2 - -5)). Suppose 2*n + 2 + 7 = d, v = 2*n + 2*d -